 is the millions digit of 37099357?
7
What is the ten thousands digit of 285267?
8
What is the tens digit of 458682?
8
What is the hundred thousands digit of 679057?
6
What is the ten thousands digit of 1155799?
5
What is the hundred thousands digit of 2045458?
0
What is the hundreds digit of 1476314?
3
What is the hundreds digit of 587105?
1
What is the hundred thousands digit of 293309?
2
What is the thousands digit of 1199313?
9
What is the tens digit of 16713929?
2
What is the ten millions digit of 27140001?
2
What is the tens digit of 5932814?
1
What is the hundred thousands digit of 731355?
7
What is the hundred thousands digit of 5706673?
7
What is the thousands digit of 128607?
8
What is the units digit of 53755?
5
What is the thousands digit of 21566527?
6
What is the hundred thousands digit of 2024902?
0
What is the ten thousands digit of 1100919?
0
What is the units digit of 93126?
6
What is the ten thousands digit of 76639?
7
What is the units digit of 3330697?
7
What is the thousands digit of 150995?
0
What is the units digit of 2114829?
9
What is the hundreds digit of 680515?
5
What is the units digit of 418689?
9
What is the thousands digit of 1339199?
9
What is the hundred thousands digit of 429951?
4
What is the thousands digit of 9221063?
1
What is the hundred thousands digit of 114494?
1
What is the units digit of 138323?
3
What is the ten millions digit of 24223799?
2
What is the tens digit of 290883?
8
What is the units digit of 7138923?
3
What is the tens digit of 402344?
4
What is the hundreds digit of 4147466?
4
What is the millions digit of 2023352?
2
What is the thousands digit of 228322?
8
What is the hundreds digit of 358236?
2
What is the hundreds digit of 212065?
0
What is the tens digit of 467832?
3
What is the thousands digit of 91268?
1
What is the thousands digit of 2456854?
6
What is the ten millions digit of 11053998?
1
What is the ten thousands digit of 1323289?
2
What is the units digit of 734056?
6
What is the hundred thousands digit of 6488134?
4
What is the units digit of 4025944?
4
What is the tens digit of 8689355?
5
What is the hundreds digit of 267533?
5
What is the ten thousands digit of 70432?
7
What is the hundreds digit of 1110089?
0
What is the ten thousands digit of 7186489?
8
What is the tens digit of 20454?
5
What is the thousands digit of 222923?
2
What is the thousands digit of 333705?
3
What is the tens digit of 110784?
8
What is the hundred thousands digit of 4831185?
8
What is the hundred thousands digit of 9099762?
0
What is the ten thousands digit of 126046?
2
What is the units digit of 4058735?
5
What is the hundreds digit of 1512157?
1
What is the hundreds digit of 3206051?
0
What is the units digit of 1324751?
1
What is the hundred thousands digit of 139666?
1
What is the thousands digit of 841634?
1
What is the thousands digit of 27787?
7
What is the hundreds digit of 854302?
3
What is the tens digit of 119497?
9
What is the tens digit of 588789?
8
What is the millions digit of 1498820?
1
What is the hundreds digit of 1306110?
1
What is the hundred thousands digit of 233143?
2
What is the ten thousands digit of 973696?
7
What is the ten millions digit of 11404060?
1
What is the tens digit of 19848264?
6
What is the ten thousands digit of 2231211?
3
What is the millions digit of 7599218?
7
What is the units digit of 63975?
5
What is the units digit of 312022?
2
What is the hundred thousands digit of 25596513?
5
What is the thousands digit of 769215?
9
What is the hundreds digit of 16233479?
4
What is the ten thousands digit of 393216?
9
What is the thousands digit of 15412?
5
What is the ten thousands digit of 101022?
0
What is the thousands digit of 181506?
1
What is the millions digit of 8825592?
8
What is the ten thousands digit of 80243?
8
What is the thousands digit of 2117?
2
What is the ten thousands digit of 18414?
1
What is the hundred thousands digit of 628879?
6
What is the tens digit of 328079?
7
What is the thousands digit of 7872?
7
What is the units digit of 284094?
4
What is the thousands digit of 236334?
6
What is the units digit of 1775608?
8
What is the millions digit of 3982848?
3
What is the thousands digit of 22375749?
5
What is the hundreds digit of 5424?
4
What is the units digit of 481862?
2
What is the hundred thousands digit of 218772?
2
What is the hundred thousands digit of 11402616?
4
What is the units digit of 1805155?
5
What is the ten thousands digit of 63395?
6
What is the thousands digit of 346956?
6
What is the tens digit of 994042?
4
What is the units digit of 691483?
3
What is the hundred thousands digit of 4566091?
5
What is the thousands digit of 308988?
8
What is the tens digit of 3944238?
3
What is the units digit of 125131?
1
What is the thousands digit of 620626?
0
What is the units digit of 67307?
7
What is the units digit of 872881?
1
What is the units digit of 8091918?
8
What is the hundreds digit of 24739?
7
What is the thousands digit of 173752?
3
What is the tens digit of 847726?
2
What is the hundreds digit of 1073791?
7
What is the millions digit of 10147959?
0
What is the millions digit of 1539844?
1
What is the thousands digit of 427682?
7
What is the units digit of 938360?
0
What is the ten thousands digit of 24143517?
4
What is the ten thousands digit of 1010021?
1
What is the ten thousands digit of 5238224?
3
What is the units digit of 94864?
4
What is the ten thousands digit of 725925?
2
What is the thousands digit of 627603?
7
What is the units digit of 767925?
5
What is the ten thousands digit of 225800?
2
What is the hundred thousands digit of 5681531?
6
What is the tens digit of 577587?
8
What is the units digit of 3039416?
6
What is the hundred thousands digit of 2081600?
0
What is the units digit of 2613075?
5
What is the hundred thousands digit of 30616430?
6
What is the hundreds digit of 17287440?
4
What is the thousands digit of 514948?
4
What is the ten thousands digit of 514272?
1
What is the ten millions digit of 14329505?
1
What is the tens digit of 92232?
3
What is the hundreds digit of 327848?
8
What is the millions digit of 4875796?
4
What is the hundred thousands digit of 1963760?
9
What is the tens digit of 10864660?
6
What is the hundreds digit of 733757?
7
What is the hundred thousands digit of 8601512?
6
What is the thousands digit of 840151?
0
What is the tens digit of 3465932?
3
What is the millions digit of 1507609?
1
What is the hundred thousands digit of 844313?
8
What is the thousands digit of 12362883?
2
What is the units digit of 25141591?
1
What is the units digit of 750917?
7
What is the thousands digit of 8802730?
2
What is the ten thousands digit of 1194600?
9
What is the thousands digit of 12349502?
9
What is the units digit of 945421?
1
What is the units digit of 33265644?
4
What is the tens digit of 1544547?
4
What is the millions digit of 1427794?
1
What is the ten thousands digit of 79908?
7
What is the ten millions digit of 10119038?
1
What is the ten thousands digit of 8687551?
8
What is the hundred thousands digit of 7563751?
5
What is the thousands digit of 1399652?
9
What is the ten thousands digit of 10746816?
4
What is the ten thousands digit of 1612101?
1
What is the hundreds digit of 216250?
2
What is the thousands digit of 613220?
3
What is the tens digit of 424248?
4
What is the hundred thousands digit of 268570?
2
What is the hundred thousands digit of 426163?
4
What is the ten thousands digit of 6221047?
2
What is the tens digit of 6429035?
3
What is the hundred thousands digit of 2432540?
4
What is the hundreds digit of 9009528?
5
What is the thousands digit of 212650?
2
What is the ten thousands digit of 423589?
2
What is the units digit of 1103477?
7
What is the units digit of 336943?
3
What is the hundreds digit of 669672?
6
What is the hundreds digit of 900928?
9
What is the hundred thousands digit of 4561764?
5
What is the ten thousands digit of 1704686?
0
What is the tens digit of 5892316?
1
What is the thousands digit of 562281?
2
What is the ten thousands digit of 40722?
4
What is the ten thousands digit of 125644?
2
What is the ten thousands digit of 784721?
8
What is the thousands digit of 264877?
4
What is the hundreds digit of 440686?
6
What is the ten thou